
What is the hundred millions digit of 688143490?
6
What is the thousands digit of 763703009?
3
What is the hundreds digit of 2248676740?
7
What is the hundred thousands digit of 520461398?
4
What is the millions digit of 6063625586?
3
What is the thousands digit of 116329134?
9
What is the thousands digit of 71075527?
5
What is the millions digit of 69736536?
9
What is the hundred millions digit of 402540934?
4
What is the units digit of 56590978?
8
What is the thousands digit of 56819913?
9
What is the thousands digit of 461600868?
0
What is the hundred thousands digit of 128902270?
9
What is the units digit of 18686028?
8
What is the thousands digit of 2284696780?
6
What is the hundreds digit of 13909225?
2
What is the tens digit of 274646032?
3
What is the units digit of 440844725?
5
What is the tens digit of 41574677?
7
What is the units digit of 194886782?
2
What is the hundreds digit of 42521891?
8
What is the units digit of 159468349?
9
What is the units digit of 37290263?
3
What is the hundred thousands digit of 100545259?
5
What is the tens digit of 3676070305?
0
What is the hundred thousands digit of 477111082?
1
What is the ten millions digit of 13248712?
1
What is the tens digit of 1431056761?
6
What is the millions digit of 1984187481?
4
What is the millions digit of 2444604700?
4
What is the hundreds digit of 72898286?
2
What is the millions digit of 362335419?
2
What is the ten thousands digit of 98003952?
0
What is the thousands digit of 28935075?
5
What is the ten thousands digit of 21741468?
4
What is the ten millions digit of 1114201155?
1
What is the millions digit of 67104472?
7
What is the tens digit of 56392763?
6
What is the units digit of 41292084?
4
What is the ten millions digit of 118014915?
1
What is the thousands digit of 577092790?
2
What is the hundreds digit of 900867036?
0
What is the hundred millions digit of 491133746?
4
What is the millions digit of 64980459?
4
What is the hundred thousands digit of 239744722?
7
What is the hundreds digit of 1323364408?
4
What is the hundred thousands digit of 50351124?
3
What is the hundreds digit of 1643808289?
2
What is the units digit of 344359947?
7
What is the hundreds digit of 361258597?
5
What is the ten thousands digit of 72567846?
6
What is the tens digit of 35890000?
0
What is the hundreds digit of 119771324?
3
What is the units digit of 3551511917?
7
What is the units digit of 712987252?
2
What is the ten thousands digit of 936582401?
8
What is the thousands digit of 25517893?
7
What is the units digit of 242594565?
5
What is the ten thousands digit of 2110008304?
0
What is the millions digit of 70470781?
0
What is the hundred thousands digit of 250285500?
2
What is the hundred thousands digit of 64676045?
6
What is the thousands digit of 18534?
8
What is the thousands digit of 1923567922?
7
What is the hundreds digit of 82039124?
1
What is the ten thousands digit of 27216503?
1
What is the millions digit of 695960439?
5
What is the thousands digit of 671849112?
9
What is the hundred millions digit of 123631176?
1
What is the ten thousands digit of 6996933835?
3
What is the hundreds digit of 54800518?
5
What is the hundred millions digit of 273477142?
2
What is the ten thousands digit of 546829085?
2
What is the tens digit of 119865039?
3
What is the hundred millions digit of 1658635812?
6
What is the hundreds digit of 2958327970?
9
What is the billions digit of 1043193590?
1
What is the ten thousands digit of 2605466150?
6
What is the units digit of 60977220?
0
What is the tens digit of 885073177?
7
What is the ten thousands digit of 22098314?
9
What is the tens digit of 72420347?
4
What is the hundred thousands digit of 12716229?
7
What is the billions digit of 1050062334?
1
What is the hundreds digit of 70913665?
6
What is the thousands digit of 88058382?
8
What is the thousands digit of 1182887040?
7
What is the units digit of 91824222?
2
What is the billions digit of 1186847000?
1
What is the hundred thousands digit of 856852935?
8
What is the ten millions digit of 41623835?
4
What is the ten millions digit of 1952799500?
5
What is the ten millions digit of 374773455?
7
What is the thousands digit of 901267940?
7
What is the ten thousands digit of 64550792?
5
What is the thousands digit of 6804100340?
0
What is the hundreds digit of 1709663094?
0
What is the hundreds digit of 722563016?
0
What is the billions digit of 2046635675?
2
What is the tens digit of 80966185?
8
What is the hundreds digit of 28517207?
2
What is the ten millions digit of 1895464877?
9
What is the ten millions digit of 25288511?
2
What is the ten thousands digit of 911363810?
6
What is the hundreds digit of 1286881346?
3
What is the millions digit of 17898552?
7
What is the hundreds digit of 2334708899?
8
What is the thousands digit of 276652403?
2
What is the hundreds digit of 88375857?
8
What is the units digit of 12847228?
8
What is the hundred thousands digit of 4729328?
7
What is the hundreds digit of 9107616?
6
What is the thousands digit of 2216961956?
1
What is the ten thousands digit of 69761337?
6
What is the ten thousands digit of 18863275?
6
What is the ten millions digit of 382835800?
8
What is the millions digit of 149354458?
9
What is the millions digit of 255098333?
5
What is the thousands digit of 74611047?
1
What is the units digit of 1577763683?
3
What is the units digit of 66012893?
3
What is the millions digit of 265629124?
5
What is the units digit of 144655864?
4
What is the ten millions digit of 52156489?
5
What is the hundred thousands digit of 87918397?
9
What is the tens digit of 97513083?
8
What is the ten millions digit of 836319003?
3
What is the hundreds digit of 334046662?
6
What is the hundreds digit of 603477079?
0
What is the hundreds digit of 518355000?
0
What is the tens digit of 2276639699?
9
What is the units digit of 81454861?
1
What is the ten millions digit of 67946355?
6
What is the ten thousands digit of 621150672?
5
What is the ten millions digit of 45099282?
4
What is the ten thousands digit of 65430957?
3
What is the tens digit of 41129943?
4
What is the thousands digit of 581288238?
8
What is the units digit of 19346620?
0
What is the ten millions digit of 448081475?
4
What is the hundred thousands digit of 150929265?
9
What is the hundreds digit of 680535498?
4
What is the hundreds digit of 3748201318?
3
What is the units digit of 64184164?
4
What is the ten thousands digit of 347209094?
0
What is the hundred thousands digit of 224644386?
6
What is the hundred millions digit of 187505954?
1
What is the thousands digit of 56116584?
6
What is the units digit of 193597647?
7
What is the ten thousands digit of 43905146?
0
What is the millions digit of 303934533?
3
What is the millions digit of 76973129?
6
What is the tens digit of 29123450?
5
What is the thousands digit of 247596206?
6
What is the units digit of 44494880?
0
What is the millions digit of 4863683629?
3
What is the thousands digit of 673932927?
2
What is the hundreds digit of 7537636244?
2
What is the ten thousands digit of 31626775?
2
What is the ten millions digit of 136531915?
3
What is the tens digit of 73725447?
4
What is the hundred thousands digit of 507600277?
6
What is the hundreds digit of 1220902603?
6
What is the ten millions digit of 54836411?
5
What is the ten millions digit of 118755772?
1
What is the hundreds digit of 61210853?
8
What is the hundreds digit of 391432362?
3
What is the units digit of 4486179550?
0
What is the ten millions digit of 744075939?
4
What is the hundred thousands digit of 3067042370?
0
What is the ten millions digit of 2807120375?
0
What is the thousands digit of 9041837?
1
What is the hundreds digit of 2286752484?
4
What is the thousands digit of 62763173?
3
What is the hundred millions digit of 330614679?
3
What is the units digit of 279834103?
3
What is the tens digit of 2003430165?
6
What is the hundred thousands digit of 563066744?
0
What is the ten millions digit of 20969102?
2
What is the units digit of 607644457?
7
What is the thousands digit of 273984648?
4
What is the hundred thousands digit of 671087406?
0
What is the units digit of 114248170?
0
What is the tens digit of 58801364?
6
What is the ten thousands digit of 400